et q(v) = -9*v**2 - 442*v - 115. Let g be q(-48). Suppose o = -4*u + 6*o + g, -u - x*o + 85 = 0. What is the tens digit of u?
9
Let h = -462 - -442. Let b be (-4)/(-5)*(-350)/(-20). Let u = b - h. What is the tens digit of u?
3
Let o(w) = 132*w**3 + 7*w**2 + 84*w - 523. What is the tens digit of o(6)?
4
Let b(x) be the first derivative of -5*x**2/2 - 27*x - 6. Let o be b(-8). Suppose -o*p + 470 = -8*p. What is the tens digit of p?
9
Let k be (-80)/(-7) + ((-36)/(-14))/(-6). Suppose k*r - 8*r = -177. Let h = r - -127. What is the tens digit of h?
6
Suppose 3*k - 5*x = 12791, -13*k - 12783 = -16*k + 3*x. What is the thousands digit of k?
4
What is the tens digit of (-6 - -32)*(-2936)/(-16) - (7 - 0)?
6
Let v be (36/(-10))/((-3)/350). Suppose -10*m + 16*m = v. What is the tens digit of m?
7
Let y(q) = q**2 - 14*q - 770. What is the hundreds digit of y(-57)?
2
Suppose -5*r - 616 = 6*r. Let y = -20 - -102. Let k = r + y. What is the units digit of k?
6
Let k = 29056 + -18810. What is the tens digit of k?
4
Let l(o) = o**3 + 10*o**2 - 35*o - 4. Let g = 26 - 38. What is the units digit of l(g)?
8
Let u(a) = a + 28 - 48 + 19. Let h be u(12). Let b = h + -4. What is the units digit of b?
7
Let g be 14 - (-297)/(-11) - -7. Let f(o) be the second derivative of -o**3/6 + 13*o**2/2 - o. What is the units digit of f(g)?
9
Suppose 17*f - 16*f - 56 = 0. Let w = f + -62. What is the units digit of (10 + w)*(-97)/(-4)?
7
Let v(x) = 25 - 21*x - 15 + 12. Let i be v(-5). Suppose f - 5*b + 10*b = i, -87 = -f + 3*b. What is the hundreds digit of f?
1
Let u = -174 - -176. Suppose -4*k = u*m - 226, -2*m = -3*k + 146 + 6. What is the tens digit of k?
5
Let r = 59906 + 10830. What is the units digit of r?
6
Suppose -3*a - 2*c = 324 - 2977, 2*a + 3*c = 1777. What is the units digit of a?
1
Let c(q) be the second derivative of -q**5/20 + q**4 - q**3/3 + 13*q**2 + 8*q. Let n be c(12). What is the tens digit of 141/(-6)*-4 + 0 + n?
9
Suppose 10*b - 14*b = 8. Let z be ((-1)/b)/((-2)/(-72)). Suppose t - z = 56. What is the tens digit of t?
7
Let a = 15687 - 6171. What is the units digit of a?
6
Let v be (3 - 315/10)*-2. Suppose -3*u = -z + 221 + v, 3*u = -z + 296. What is the hundreds digit of z?
2
Let u = 305 + -285. Let c(k) = 28*k - 82. What is the tens digit of c(u)?
7
Let l = 4 - 4. Suppose 0 = o - l*o - 3. Suppose 0 = 3*i + o*i - 576. What is the units digit of i?
6
Let j(s) = 5*s**2 - 20*s - 8. Let y(f) = -2*f**2 + 13*f - 2. Let l be y(7). What is the units digit of j(l)?
7
Let a(w) = -w**3 - 4*w**2 + w - 5. Let b be a(-4). Let u(h) = 5*h**2 + 20*h + 18. What is the hundreds digit of u(b)?
2
Let w = 154 - 126. Let g(n) = 4*n + 26. What is the units digit of g(w)?
8
Suppose -4*b = 5*f - 308669, 4*f + 14*b = 11*b + 246934. What is the units digit of f?
9
Let t(j) = 5*j**3 + j**2 - 2*j + 1. Let v be t(1). Suppose 908 = -i + v*i. Suppose -4*n + 5*g = -152, -3*g + 6*g - i = -5*n. What is the tens digit of n?
4
Let a = 362 + -355. What is the tens digit of -5 + 5 + a + 1038?
4
Let w = 298 + -364. What is the units digit of -956*((-14)/12 + (-44)/w)?
8
Let b(v) = 109*v + 48. Suppose 4*k + 16 = 0, 3*k + 5 = 2*c - 17. What is the hundreds digit of b(c)?
5
Suppose 0 = 5*x - 5, -5*r + 5*x = -10*r + 9635. Let p = 2943 - r. What is the tens digit of p?
1
Suppose r + 1584 = -3*q + 101657, -4*r = 5*q - 166793. What is the thousands digit of q?
3
Let z be -7 + (-405)/(-63) + 25/7. Suppose -5*n + 261 = 5*q - 1609, -1157 = -z*n + 4*q. What is the units digit of n?
9
Let h(w) = 33*w**3 + 3*w**2 + 2*w + 1. Let a be h(-2). Let o be 5/(-25) - a/25. What is the tens digit of 24/(-40) - (-2)/o*73?
1
Suppose -7 = b + 4. What is the units digit of ((0 - -1) + -20)*b?
9
Let k(v) = -13*v + 136. Let d be k(8). Let a(o) = -2*o**2 + 70*o + 40. What is the units digit of a(d)?
2
Suppose -2*m + 1215 = 3*m. Let v be (-2*11/44)/((-6)/(-1548)). Let y = m + v. What is the hundreds digit of y?
1
Let g = -640 - -108. Let d(l) = 38*l + 607. Let k be d(5). Let s = g + k. What is the units digit of s?
5
Suppose 1354*b - 1356*b + 2*g = -34470, -3*b + 4*g + 51700 = 0. What is the ten thousands digit of b?
1
Let t = 13224 + 765. What is the tens digit of t?
8
What is the thousands digit of 1 + 0/(-3) - (235980/3)/(-4)?
9
Suppose -309*f + 350*f - 636771 = 0. What is the ten thousands digit of f?
1
Let x(z) = -33 + 217 + 81*z - 33. What is the units digit of x(14)?
5
Let c(a) = a**2 - a - 2. Let d be c(6). Suppose 5*z - d*z + 5589 = 0. What is the units digit of z?
3
What is the units digit of 74028/8*(0 - (-56)/21)?
6
What is the tens digit of (-4)/(-66) + (-61099224)/(-6732)?
7
Let i be (0 + 1)/((-8)/128*4). What is the hundreds digit of (1484/8 - i/(-8))/1?
1
Let j = -180 - -225. Suppose -h = -241 + j. What is the units digit of h?
6
Let g(q) = -4170*q - 12644. What is the thousands digit of g(-18)?
2
Let n(s) = 4*s**2 + 0*s**2 - 6*s**2 + 4*s + 5 + s**2. Let g be n(5). Suppose -h + 3*y - 8*y + 82 = g, -3*y + 136 = 2*h. What is the units digit of h?
2
Let o(j) = 9*j**2 + 8*j - 8. Let k be o(4). Let g = 206 - k. What is the tens digit of g?
3
Suppose -14*d + 564 = -11*d. Let j = -267 + d. Let q = 18 - j. What is the units digit of q?
7
Suppose -68 = -0*f - 3*f - 4*k, -2*f - 5*k = -43. Let t = 67 - 67. Suppose t*g - g = -f. What is the units digit of g?
4
Let i = 22355 - -24471. What is the hundreds digit of i?
8
Suppose 0 = 9*t + 16321 - 77602. Suppose 97*c - 86*c - t = 0. What is the units digit of c?
9
Suppose -7*v = -10*v + 58509. Suppose 31*m - v = -2*m. What is the units digit of m?
1
Let t = 41291 - -2504. What is the ten thousands digit of t?
4
Let s = 312 - -395. Let w = 1349 - s. What is the hundreds digit of w?
6
Let l be (-120)/(-18) + 5/15. Let k(a) = 15*a + 327. What is the hundreds digit of k(l)?
4
Let g(i) = -28*i - 95. Let f be g(-6). Let a = -41 + f. What is the units digit of a?
2
Let x be (4 - 1) + -2 + 2. Suppose -2*c - 2*j = -x*j + 21, -c = 5*j + 27. What is the hundreds digit of 71*1/3*(18 + c)?
1
Let a(u) = -u**2 - 292*u + 289. What is the thousands digit of a(-83)?
7
Suppose 0 = -4*w + 4*n + 9842 + 2942, 0 = 4*w + 4*n - 12792. What is the hundreds digit of w?
1
Let z be (-1 + (-28)/(-20))*5*3. Suppose -7673 + 2327 = -z*i. What is the hundreds digit of i?
8
Suppose -5*z = -2*q - 30, -q - 4 = -5*z + 21. Suppose 4*h = z*u + u - 2065, -1661 = -4*u + 5*h. What is the units digit of u?
9
Let d(u) be the third derivative of -u**6/120 + u**5/60 - 7*u**3/6 + u**2 - 12. Suppose 0 = 2*h - 7*h - 15. What is the units digit of d(h)?
9
Let p(q) = q**3 - 10*q - 56. What is the hundreds digit of p(15)?
1
Suppose -19*b - 930726 = -77*b. What is the hundreds digit of b?
0
What is the thousands digit of -1 + -14 - (-39664 - 171)?
9
Suppose 4*g - 50 = 34. Suppose -i - 3*i = -5*a - g, 0 = -i + 2*a + 3. Suppose 12 = i*r - 15. What is the units digit of r?
3
Let a = 503 - 214. Let w be 7*(-90)/105 + 170 + 0. Let t = a - w. What is the tens digit of t?
2
Let j(z) = -z**2 - 5*z + 12. Let r be j(-6). What is the hundreds digit of ((-33)/r + 5)*1472/(-2)?
3
Let b = -115 + 128. Suppose -3300 = v - b*v. What is the hundreds digit of v?
2
Suppose -27542 = -37*b - 10*b. What is the tens digit of b?
8
Let u be -10 - 20/(-4) - -19. What is the hundreds digit of 1 - ((-14)/49 - 3118/u)?
2
What is the hundreds digit of 5532 - -1 - (105 + -103)?
5
Let g(x) = 9*x**2 + 444*x + 26. What is the tens digit of g(-51)?
9
Let k = 1690 - 1693. Let h(j) = -2*j**3 - 11*j**2 - 5*j - 5. Let q(u) = 2*u**3 + 12*u**2 + 5*u + 6. Let o(n) = 6*h(n) + 5*q(n). What is the tens digit of o(k)?
1
Let k(u) = -6*u**3 + 8*u**2 - 4. Let r be k(2). What is the tens digit of 30/r + (-2145)/(-10)?
1
Let a(y) = y**3 + 18*y**2 - 8*y + 59. What is the units digit of a(-10)?
9
Let i = -237 - -928. Suppose -688*c = -i*c + 3426. What is the hundreds digit of c?
1
Let f = -3 - -3. Suppose f = -5*r + 6*r + 3. What is the units digit of (-1707)/(-9) + (-20)/(-6) + r?
0
Suppose -s + 2920 = 34*h - 32*h, 5880 = 2*s - 4*h. What is the hundreds digit of s?
9
Let k = 215 - 215. Suppose 4*g - 6*g + 1032 = k. What is the units digit of g?
6
Let t(y) = y**3 + 4*y**2 - y + 2. Let q be t(-2). Let w be 384/14 + q/21. Suppose -4*s + w = -0*s. What is the units digit of s?
